the highest common divisor of 20 and k.
4
Let c be (-2898)/(-10) - (3 - 64/20). Let t = 546 - c. Suppose 25 = -7*j + t. What is the greatest common divisor of j and 22?
11
Let v = -2157 - -2517. Calculate the greatest common divisor of v and 1710.
90
Let s(b) = 405*b**2 + 11*b + 27. Let y be s(-2). What is the highest common factor of 65 and y?
65
Let c = -122 + 125. Suppose -7*h = c*h - 280. Calculate the greatest common factor of 98 and h.
14
Let m(w) = -341*w + 73. Let g be m(-4). Suppose 5*d - 3*q = g, 2*d - 4*d + q + 574 = 0. What is the highest common factor of 57 and d?
57
Suppose c + 2*k - 79 = 0, -2*c - k + 56 = -99. Calculate the greatest common factor of 22 and c.
11
Let x be (-284)/(5/10 - 4/(-24)). Let w = 755 + x. Calculate the highest common factor of w and 94.
47
Let f(o) = -1138*o + 4906. Let l be f(4). Calculate the greatest common divisor of 6 and l.
6
Suppose 2*p - 24056 = -3*o + 10582, -5*p = -15. Calculate the greatest common factor of 104 and o.
104
Suppose -2*h + 2*t = -30, -8 = -3*t + t. Let z = h - 16. Suppose 0*u - 5*u = z*i - 133, 5 = u. What is the greatest common divisor of i and 54?
18
Let l(a) = -5*a + 12. Let m be l(-2). Suppose -m*o = -28*o + 384. What is the greatest common divisor of o and 224?
32
Let k be 20 + -18 - (1 - 3). Let c = -22 + 25. Suppose c*a = -k*n + 767, -3*n = -4*a + 592 + 464. What is the highest common divisor of a and 29?
29
Let u = 78350 - 78338. Let c(j) = 20*j**3 + 1. Let y be c(1). What is the highest common factor of u and y?
3
Let v = -101 + 81. Let t(g) = 2*g**3 + 41*g**2 + 6*g - 49. Let f be t(v). Calculate the greatest common divisor of f and 21.
21
Let y = -7087 - -7549. What is the highest common factor of y and 99?
33
Let s be (-4)/(-14) + 1606/14. Suppose 28*v = 44*v - 32. Suppose -v*o + 3*o + 4*c - 19 = 0, o - 3*c = 26. Calculate the highest common divisor of o and s.
23
Let y(c) = 2*c + 343. Let m be y(-152). What is the greatest common divisor of 675 and m?
3
Let y be 20/(-70)*-7 - (-159579)/21. Calculate the highest common factor of 22 and y.
11
Suppose -4*c - 5543 = 3*r - 39128, -4*r + 41980 = 5*c. What is the greatest common factor of c and 225?
75
Suppose 158*c - 192*c + 135864 = 0. Calculate the highest common factor of c and 296.
148
Let h = 6195 - 6143. Calculate the greatest common factor of 4004 and h.
52
Let y = -17 - -27. Suppose -2*n + 3*z = -1 - 6, -y = -3*n + 4*z. Suppose 5*w - 147 = -n. What is the greatest common divisor of 29 and w?
29
Suppose 4*l - 14 = -2*q + 2, -2*q = -l - 1. Suppose 2*w = l*v - 112, 165 - 13 = 4*v - 4*w. Calculate the highest common divisor of v and 288.
36
Suppose 4*n - 66 - 18 = 0. Suppose 0*g = 4*g - 260. Let l = g - 58. What is the greatest common divisor of n and l?
7
Let k(z) = 2*z + 28. Let i be k(-12). Let h(s) = 7*s + 13. Let g be h(i). Let y = -1139 + 1180. Calculate the highest common divisor of y and g.
41
Let o be (8/36 - (-5552)/(-36))*4/(-14). Calculate the greatest common factor of o and 8.
4
Let i be ((-164)/(-14))/(11/77). Let s be (2/(-7))/(3/(-21)). What is the highest common divisor of i and s?
2
Let a(v) = -v**3 - 23*v**2 - 44*v - 50. Let u be a(-21). Let k be 112/u*(-100)/14. Calculate the highest common divisor of k and 125.
25
Suppose -5*l - 24 + 19 = 0. Let k be l*(-30 + 2 - 0). Let d be (2/6)/(4/96) + -4. What is the greatest common divisor of d and k?
4
Suppose -37*u = -35*u - 102. Let t = u - 75. Let o = t + 34. What is the highest common factor of 90 and o?
10
Let u(c) = c - 1. Let r be u(3). Suppose 0 = o + 2*a - 11, -r*o + 24 - 2 = a. Let v be o + -1 + 1 + 3. Calculate the highest common divisor of 35 and v.
7
Suppose 144 = 47*o + o. Suppose -7*q = 2*m - 10*q - 100, -2*q + 176 = o*m. Calculate the greatest common divisor of 448 and m.
56
Suppose -2*u = -0*u - 18. Let w be -27 + 21 + (-25 - -35). What is the greatest common divisor of w and u?
1
Let g be 7/(42/948) + 2. What is the greatest common factor of g and 1160?
40
Suppose 8*c + 3772 + 724 = 0. Let x = c + 747. What is the greatest common divisor of 37 and x?
37
Suppose -3*g + 0*w = w + 108, 3*g - 2*w = -108. Let b be (g/20)/(1/(-5)). Suppose b*r - 5 = 4. Calculate the greatest common divisor of r and 1.
1
Let j(x) = 3*x - 10. Let t be j(4). Let s = 16 - -72. Suppose t*w + s = 120. What is the highest common divisor of w and 2?
2
Suppose -f + 60 = -83*h + 85*h, 246 = 4*f + 2*h. What is the highest common divisor of f and 5611?
31
Let v be 21/14*10/3. Suppose 112 = 3*z + 5*u, -z - v*u + 3 = -31. Let y = -164 + 515. What is the greatest common factor of y and z?
39
Let u(v) = v**3 + 94*v**2 - 2156*v + 204. Let j be u(19). Let m(q) = -18*q + 1. Let g be m(-3). Calculate the greatest common divisor of g and j.
11
Let s(w) = -w**3 + 10*w**2 + 9*w + 15. Let j be s(11). Let z be (10/j)/((-68)/(-14) + -5). What is the greatest common factor of z and 10?
10
Suppose 0 = h - d - 26, h = 2*d + 24 + 7. Suppose 26*i - 350 = h*i. What is the greatest common factor of i and 385?
35
Suppose 0 = -3*m - 11 - 439. Let i be m/(-10) + 14/(-2). Let u = 8 + -5. What is the greatest common factor of u and i?
1
Suppose 315 = -14*h + 19*h. What is the greatest common divisor of 1407 and h?
21
Suppose -2119 = -5*x + 4*n - 3*n, 3*x - n = 1271. Let f = 510 - x. Calculate the greatest common factor of f and 129.
43
Let g(a) = -668*a - 1. Let n be g(-1). Let c = 6071 + -6042. Calculate the greatest common divisor of n and c.
29
Suppose -3*r - 540 = 570. Let h = r + 657. Suppose -5*g = -h + 7. What is the greatest common divisor of g and 7?
7
Let g(b) = b + 14. Let o be g(-10). Suppose q = -2*v, v = -o*q + 2*q. Suppose v = -2*z - 1 + 105. Calculate the highest common factor of 13 and z.
13
Let d = -1436 + 1452. Calculate the greatest common factor of d and 404.
4
Let p(x) = -4*x**2 - 23*x - 9. Let t be p(-5). Suppose -10*j = -t*j - 2*s - 634, 0 = -2*j - 4*s + 292. What is the greatest common factor of j and 96?
12
Suppose p - 418 = -0*p. Suppose -5*h = r - 104, 5*r - 17 = -47. Calculate the highest common divisor of h and p.
22
Let x(p) = -245*p + 6384. Let u be x(26). Calculate the greatest common factor of 298 and u.
2
Suppose 37530 + 21960 = 43*v + 2042. What is the highest common factor of v and 16?
8
Suppose -3*b + 3*w - 158 = -41, -3*b + 5*w = 107. Let h be 5 + -7 + b + 0 + 0. Let f = h - -86. Calculate the greatest common divisor of 20 and f.
20
Let y be 12609/81 + (-6)/9. Let h(x) = -2*x**2 + 24*x - 23. Let g be h(9). What is the highest common divisor of y and g?
31
Let y = -26 + 35. Suppose -3*n + 78 = 3*i + 15, -5*i = n - y. Let x(z) = -z**3 + 10*z**2 - 9*z. Let d be x(7). Calculate the highest common divisor of n and d.
12
Suppose -3*r - 78 = -5*o, -2*r = -3 + 5. Let w = 10 + -7. Suppose i - 4*h = -2*i + 47, w*h = -o. Calculate the greatest common factor of 81 and i.
9
Suppose 212 = 4*a - 4*b, 2*b + 204 = -286*a + 290*a. Suppose 0 = 3*y + 19 + 11. Let j be y/35 - (-9612)/28. Calculate the highest common divisor of j and a.
49
Let v(s) = 2*s**3 + 143*s**2 + 70*s + 67. Let m be v(-71). What is the greatest common factor of m and 2024?
46
Let v be (-1)/2 + (450/(-12))/(-3). Suppose 6*n = -6*n + 1296. Suppose 34*b - 31*b = n. Calculate the highest common divisor of b and v.
12
Let o be -14 - (-19 + 11/(-11)). What is the highest common divisor of 460 and o?
2
Let x be (125/40*2)/(1/(-4)). Let q(t) = t**2 + 23*t - 58. Let j be q(x). Let g be -3*(4 + -3) - j. What is the greatest common factor of g and 20?
5
Suppose 10*l - 9*l - 339 = 4*n, -4*l + 1342 = -2*n. Calculate the highest common factor of l and 1943.
67
Suppose -5*d + 5 = 2*s, 7*d - 5*s = 2*d - 30. Let f be 3 - (d - (-5 - (-20)/5)). What is the greatest common divisor of 11 and f?
1
Let x be (-4)/4 - -123 - (-236)/59. Calculate the greatest common factor of x and 9261.
63
Suppose 0 = -4*z - 3*k + 12284, -33*k = -z - 34*k + 3070. Calculate the greatest common divisor of 29 and z.
29
Suppose -55*a = -g - 58*a + 208, -g + 178 = -3*a. What is the highest common divisor of g and 16?
1
Suppose 2*j - 40 = -2*q, -2*q = 2*j - 7*q - 68. Let b be (-28)/21 - (-2840)/j. Calculate the greatest common factor of b and 27.
9
Let q(h) = -63*h + 4685. Let u be q(28). What is the highest common divisor of 92 and u?
23
Suppose 51*b 